= -2*k - 4*v - 10, -4*k - 45 = v. Let l be k/3 + 1/3. Let t(a) = a**2 + 3*a + 2. What is t(l)?
2
Let o(f) be the first derivative of -3*f**4/4 + f**3/3 + f**2 + f - 4. Suppose 4*a + 5*w - 5 = -a, 4*w - 11 = 3*a. Calculate o(a).
3
Let w be 15/(-6)*18/(-15). Let m(t) = t**3 - t**2 - 4*t. What is m(w)?
6
Let h(d) be the first derivative of -d**6/360 - d**5/24 + d**4/12 + 2*d**3/3 + 6. Let n(b) be the third derivative of h(b). Give n(-6).
-4
Let o(c) = -c + 3. Let u(z) = z + 12. Let k be u(-14). Let r be 4/24 - k/(-12). What is o(r)?
3
Let f(d) = -7*d + 5*d + 21 - 5*d - d**3 + 8*d**2 - 19. What is f(7)?
2
Suppose 30 = 4*c - 2*z, 4*c + 3*z - 55 = -0*z. Let r(w) = 3*w**2 - 2*w + w + 3 - c - 2*w**2. What is r(0)?
-7
Let y be (2 - -1)/(21/14). Let b(h) = h + h + h + h**y + 1 + 2. Suppose 8 = 4*g + 24. Give b(g).
7
Let g(b) = -b**2 - b - 1. Let u(t) = 6*t**2 + 12*t + 2. Let l(p) = 5*g(p) + u(p). Determine l(-6).
-9
Let v = -14 + 8. Let x be (5 + v)*(3 + -1). Let k(z) = z**2 + z - 1. Determine k(x).
1
Let s(a) be the first derivative of a**2/2 - 3*a + 3. Give s(0).
-3
Let s(z) = -z**2 + 2*z - 2. Let y(w) = -w + 5. Let j be y(3). Let c be s(j). Let r(i) = 0 - 3 + 4 + 2*i**2 + i. Calculate r(c).
7
Let f be 6/(-7)*28/(-4). Let d be f*(0 - 2)/(-4). Suppose h = 4*x - 13, -h + d = -2*h - x. Let p(w) = -w**2 - 3*w + 6. Calculate p(h).
-4
Let w(j) be the third derivative of j**6/120 + j**5/30 + j**4/24 + j**3/6 + 2*j**2. Let b(d) = 0 + 2 - 4 - 2*d**2 + 4*d. Let h be b(2). What is w(h)?
-1
Suppose 0 = 2*t + 2 - 12. Let i(l) be the third derivative of l**6/120 - l**5/12 - 5*l**3/6 - 15*l**2. Give i(t).
-5
Let s(a) be the second derivative of -a**4/12 - 7*a**3/6 - 7*a**2/2 + a. What is s(-6)?
-1
Suppose -5 = 2*o - 7*o. Let c(f) = 0 - o - 4 + 9*f. Let d(n) = -5*n + 2. Let z(b) = -3*c(b) - 5*d(b). What is z(5)?
-5
Let o(l) be the second derivative of -l**5/60 - 2*l**3/3 - l. Let q(x) be the second derivative of o(x). Determine q(-2).
4
Suppose -4*g + 40 = g - 5*l, -l - 4 = 0. Let m(i) = -3*i + g*i - 8 + 0*i. Give m(4).
-4
Let r(o) = 7*o. Let m(f) = -f + 1. Let d(c) = -6*m(c) - r(c). Calculate d(0).
-6
Let u(z) be the third derivative of z**6/120 + z**5/12 - 7*z**4/24 - 3*z**3/2 - 6*z**2. Calculate u(-6).
-3
Let y(q) be the first derivative of -q**3/3 - 2*q**2 + 5*q + 1. What is y(-6)?
-7
Let g = -8 - -3. Let i(p) = 4*p + 7. Let f(b) = 5*b + 8. Let x = 1 - -2. Let w(k) = x*i(k) - 2*f(k). Give w(g).
-5
Let y be (-6)/(-10) - (-2)/5. Let d(t) = 2 - 3*t + y + 5*t. Let g(r) = -r**2 + 5*r + 1. Let l be g(6). Calculate d(l).
-7
Suppose -1 = 2*c - 5. Let u(t) = -c*t - t - 2 + 4*t. Suppose 7 = 4*o + 3*z, -5*z = 5*o - 2*o + 3. What is u(o)?
2
Let f(y) be the second derivative of -4*y + 1/3*y**3 - 1/12*y**4 + 2*y**2 + 0. Give f(-3).
-11
Let g(y) = -17*y**2 + y - 1. Let m be 16/24*(-6)/(-4). Determine g(m).
-17
Let z be 6/(-15) - 74/(-10). Let k(d) = -1 + z - 18*d + 12*d + d**2. What is k(6)?
6
Let l(q) = 42*q + 18. Let z(x) = -12*x - 5. Let a(g) = 5*l(g) + 18*z(g). Calculate a(2).
-12
Let o be (-10)/(-4)*2 - 3. Let m(u) be the first derivative of 0*u**o + 2 + 4/3*u**3 + 0*u. Determine m(-1).
4
Let v = 15 - 13. Let n(s) = -14*s**v + 22*s**2 - 7*s**2 - 5 + 5*s. Suppose -7 - 3 = 2*r. Calculate n(r).
-5
Let o be 6/(-12)*0/2. Suppose 3*c + 4*s - 15 + 0 = 0, -5*c = 2*s - 11. Let w(q) = -c + q**2 - 8 - q - 2*q**2. What is w(o)?
-9
Let s(m) = m + 13. Let b be -4 - (-3 + 2) - (-9 + 12). Calculate s(b).
7
Let s be 12/18 + (-8)/(-6). Let k(b) = -9*b - 5. Let p(z) = 26*z + 14. Let n(f) = -17*k(f) - 6*p(f). Calculate n(s).
-5
Suppose 0 = -y + 3*y + 8. Let l = y - -4. Let m(k) = -k**3 + k + 1. Let w be m(l). Let j(q) = -2*q. What is j(w)?
-2
Let n(d) = -5*d + 2. Let p(s) = s - 1. Let c be p(3). Suppose c*q + 20 - 2 = 0. Let u = q - -11. Calculate n(u).
-8
Let w(o) = -o**3 + 12*o**2 + 2*o - 18. Let s be w(12). Let i(k) = 3*k**2 - 6*k + 7. Let v(q) = 7*q**2 - 12*q + 15. Let m(h) = 5*i(h) - 2*v(h). Give m(s).
5
Let u(n) = -7 - 4*n**2 + 2*n - 8*n + 3*n**2. Let m = -30 - -25. Determine u(m).
-2
Let r(w) = -3*w. Let f(j) = -2*j + 5*j + 16*j. Let c(y) = 6*f(y) + 39*r(y). What is c(1)?
-3
Suppose 8*n - 4*n = 16. Suppose 4*o - 6 = 2. Suppose o*l - n*l + 2*i + 22 = 0, 3*i = -4*l + 9. Let c(j) = -j**3 + 7*j**2 - 5*j + 1. What is c(l)?
7
Let w(b) = 3 - 4 + 3 - b. Let c(j) = -j**3 + 7*j**2 + 7*j + 4. Let v be c(8). Determine w(v).
6
Let t(v) = v**2 + 2*v. Let q be 8/20 + (-2)/5. Suppose q = -r + 4*r + 6. Give t(r).
0
Let o(l) = 2*l**2 - 6*l - 1. Let s be o(8). Suppose 11 + s = -5*j. Let n be 4/j + 29/9. Let w(f) = -f**3 + 3*f**2 + 2*f - 3. What is w(n)?
3
Suppose 4*x - 9 - 3 = 0. Let y be x*(-8)/(-36)*-3. Let j(q) = -q**2 - q + 1. Determine j(y).
-1
Let c be 20/48 - (-3)/(-9). Let l(m) be the third derivative of -m**2 - 1/12*m**4 - 1/6*m**3 - c*m**5 - 1/120*m**6 + 0*m + 0. Calculate l(-4).
-9
Let z(o) be the third derivative of -o**6/120 - o**5/20 - o**4/12 - 5*o**3/6 - 36*o**2. Calculate z(-4).
19
Let o(c) = 7*c - c - c**3 + 1 + 4*c**2 - 2*c. Suppose 0 = -4*y - 0*y + 20. Determine o(y).
-4
Suppose 2 = -u + 5*b, -3*u - 3*b + 6*b - 18 = 0. Let h(z) = -z**3 - 7*z**2 - 5. Give h(u).
-5
Suppose 10*f - 5*r - 40 = 5*f, 3*r + 28 = 4*f. Let q(o) = 3 + 5*o**2 - 5 - 1 + o**3 + f*o. What is q(-4)?
-3
Suppose 0 = -2*u + 6, -z + 2 = -6*z + 4*u. Let c(q) = -2*q. Give c(z).
-4
Let o(l) = 5*l**2 + 5*l + 16. Let i(z) = z**2 + 1. Let m(w) = -6*i(w) + o(w). Suppose 0*v - v + 7 = 0. Determine m(v).
-4
Let k(u) be the second derivative of u**5/20 + 5*u**4/12 + 2*u**3/3 + 3*u. What is k(-4)?
0
Let q(j) = j**3 + j**2 - 2*j + 1. Let z be 10/4*8/10. Suppose -z*n = -5*n + 3. Give q(n).
1
Let k = -4 - -9. Suppose -3*o = 3*z - 3, k*o = 3*o - 4. Let j = -2 + z. Let r(s) = 5*s**3 - s**2 + 2*s - 1. Give r(j).
5
Let t(q) = q**2 - q - 2. Let m be t(3). Let l be 3 + (-3 - (2 - m)). Let f(g) = 4*g + 1 - 1 - 3. What is f(l)?
5
Let p(y) = -3*y + 1. Let d(l) = -3*l + 2. Let k(r) = -2*d(r) + 3*p(r). Determine k(-2).
5
Let g(p) = -p. Let h(a) = 3. Let c(n) = 2*g(n) - h(n). Give c(-8).
13
Let l(j) = -j**2 + 3*j. Let x be l(3). Let b(p) = -1 - 2*p - 5 - 1 + x*p. Determine b(-5).
3
Let x(y) = y**2. Let h(o) = o - 3*o**2 - 2*o**3 + 3*o**2 + 9*o**3 + 3*o**2. Let u(z) = -h(z) + 2*x(z). Calculate u(-1).
7
Let l(j) = j**2 + 4*j + 2. Suppose -3 = -3*v - 3*n, 3*v + 1 = -n - 2. Suppose -a = -0*a + 1. Let p = v + a. Determine l(p).
-1
Let w(b) = -b**2 - 7*b - 1. Suppose 2*i + 6 = -i + 5*g, 0 = 4*i - g + 25. Give w(i).
-1
Let h(t) be the third derivative of t**4/4 + t**3/2 - t**2. Determine h(-3).
-15
Let z(b) = 9*b**3 - 15*b**2 + 3*b + 21. Let n(x) = -5*x**3 + 8*x**2 - x - 11. Let m(c) = -11*n(c) - 6*z(c). Let i be ((-8)/2)/(3/3). Give m(i).
-9
Let d(l) be the second derivative of -l**3/6 + 7*l**2/2 + 17*l. Give d(3).
4
Let j(n) = 0*n**3 + 5*n**3 + 11 - 4*n**3 - n**2 + 0 - n. Let m be (-4)/(-8)*0/1. Calculate j(m).
11
Let z(w) = -7*w + 3. Let j(f) = -f + 1. Let i(k) = 2*j(k) - z(k). Let g(v) = v + 4. Let m be g(-4). Let d(n) = -n**2 - 1. Let l be d(m). Determine i(l).
-6
Suppose -2*x = 4, -s = 4*s - 5*x - 30. Suppose 2*d - 10 = 7*d. Let o be ((-3)/2)/(d/s). Let g(v) = -2*v + 2. Determine g(o).
-4
Let j(m) = -m**3 + m**2 - 1. Let o be (2/1 - 4) + 3. Let v(u) = 2*u**3 - 8*u**2 - 3*u - 3. Let d(x) = o*v(x) + 3*j(x). Give d(-5).
9
Let a(o) = -3*o - 4. Let q(d) = -d**2 + 6*d. Let r be q(6). Suppose -3*c - 6 - 3 = r. Determine a(c).
5
Let b(r) = -r + 2 + 0 + 9 - 1. Give b(8).
2
Let x(f) = -15*f - 50. Let o(w) = 3*w + 10. Let t(c) = 11*o(c) + 2*x(c). What is t(-7)?
-11
Let t(d) = 11*d**2 - 1. Let j = -9 + 15. Suppose 3*u + 8 = 2*a - j*a, -7 = 5*a + 3*u. Give t(a).
10
Let c(v) be the second derivative of v**4/12 - 7*v**3/6 + 9*v**2/2 - 3*v. What is c(6)?
3
Let x(f) = -4*f**2 - f - 3. Let w(g) = -g**2 + g - 1. Let y(m) = 3*w(m) - x(m). Give y(-2).
-4
Let c(i) be the first derivative of -i**4/4 + i**3/3 - 4*i**2 + i - 11. Let r = 1 + -6. Let o(m) = -m**3 - 7*m. Let p(g) = r*o(g) + 4*c(g). Determine p(-3).
4
Suppose -c = -5*c + 12. Let m(z) be the second derivative of 0*z**2 + 2*z + 0 - 1/6*z**3. Determine m(c).
-3
Let d(t) be the second derivative of -t**4/12 + t**3/2 + t**2 - t. Let x = 0 - -3. Suppose -3*y = -x - 6. Determine d(y).
2
Let o(f) = 3*f - 1. Supp